2 + 166 + 176. Let m = 12 + -2. Give f(m).
21
Let t(k) = -3*k**2 - 6*k + 2. Let r be (-70)/21 - (161/21 - 8). Give t(r).
-7
Let k be 6*2 + 2 + -15. Let w(m) be the second derivative of -m**3/6 - m**2 + m. What is w(k)?
-1
Let v(d) = 326*d - 1327. Let y be v(4). Let u(x) = x**2 + 24*x + 25. Determine u(y).
2
Let h(g) = g**3 + 9*g**2 + 7*g - 8. Suppose 7 = 2*v + 7*s - 4*s, -5*v = -s - 9. Suppose 3*p = -5*b - 34, -v*p - 2 - 10 = 2*b. What is h(b)?
0
Let b(j) = j - 22. Let h(n) = -2*n + 45. Let p(a) = 13*b(a) + 6*h(a). Let k be 7 + 12/(-6) - 2/(56/140). Calculate p(k).
-16
Let p = -245 + 248. Let w(v) = 2*v**2 - 2*v + 2 - 3 - p - v**2. Give w(0).
-4
Suppose 25*d - 154 = 46. Let q(p) = -p**3 + 8*p**2 - 4*p + 10. Calculate q(d).
-22
Let c(r) = -r**3 - 7*r**2 - 2*r - 5. Let p be c(-7). Let l = 124 + -45. Let q(u) = -4 - 80*u**3 + 158*u**3 - l*u**3 - 3 + 9*u**2. What is q(p)?
-7
Let m(i) = 33*i + 33. Let o be m(-1). Let c(k) = k**2 + 9. Let v be c(0). Suppose -12*z + 15*z - v = o. Let u(a) = a**3 - 3*a**2 + 2*a + 1. Calculate u(z).
7
Suppose -104*z - 25 + 87 = -73*z. Let s(t) = 2*t**3 - t**2 - 2*t + 6. Calculate s(z).
14
Let q(f) = f**3 + 4*f**2 - 4*f - 1. Let u = 1345 + -1350. What is q(u)?
-6
Let r(q) = -30*q. Let c(j) = -43*j - 2. Let s(h) = -2*c(h) + 3*r(h). Determine s(9).
-32
Let v be 10/(-48)*56/(-70). Let j(n) be the third derivative of 1/12*n**4 + 0 + 13/120*n**6 + 0*n**5 + 0*n - v*n**3 + 4*n**2. Give j(1).
14
Let a(t) = -12*t**2 - 22*t - 47 + 15*t**2 - 46*t + 39*t. Give a(11).
-3
Let q = 474 - 472. Let j(i) = 54090*i**2 + 13*i - 54089*i**q - 8 - 4*i. What is j(-12)?
28
Let m(o) = o**2 - 16*o + 45. Suppose 0 = 7*w + 652 - 708. Determine m(w).
-19
Let a(f) be the second derivative of -f**4/12 + f**3/6 + 3*f**2 - 77*f. Let y be a(-2). Let q(t) = 3*t + 6. Determine q(y).
6
Let l(x) = -x**3 - 6*x**2 - 6*x - 2. Let r = -540 + 309. Let m be 945/r + (-1)/(-11). Calculate l(m).
-10
Let t(x) = 4*x. Let r(o) = -3*o + 1. Let g(b) = 4*r(b) + 4*t(b). Suppose 3*f + 5 = -5*q, 4*q + 16*f - 4 = 12*f. Determine g(q).
-12
Let m(q) be the first derivative of -q**2/2 + 1087. Calculate m(-2).
2
Let o(f) = 23*f. Let l be o(3). Suppose 0 = 5*z + 2*t - 254 + l, 3*z - 122 = t. Let m = -32 + z. Let c(s) = -s**2 + 7*s - 6. Determine c(m).
-6
Let w(d) = 17*d**2 + 4*d + 3. Suppose 61 = -59*c + 2. Give w(c).
16
Let t be 14*(3 + 15/(-6)). Let f(j) = 4*j - 3. Let q(h) = 4*h - 4. Let i(x) = t*f(x) - 6*q(x). Calculate i(-3).
-9
Let f = 77 + -43. Suppose 41 + f = 15*c. Let a(k) = 2*k - 5. Give a(c).
5
Let w(y) = 8504*y - 4 + 9*y**2 + 8483*y - 25456*y + 8486*y. Give w(-2).
-2
Let g(k) = -k**3 - 9*k**2 + 11*k + 6. Let p(f) = 15*f**2 + f - 3. Let h be p(1). Suppose 6 - h = 7*w. Let r be (810/(-108))/(2/(-8) - w). Determine g(r).
-4
Let j(p) = 0*p + p + 4*p - 4 - 4*p. Suppose -15*u + 4*u = 18*u - 5*u. Give j(u).
-4
Let m(g) = g**3 - 7*g**2 + 7*g + 2. Let n(v) = -v**2 + 3*v + 3. Let x be n(3). Suppose -3*c + 3 + 18 = -3*f, 0 = x*c + 4*f. Suppose c*w + 90 = 19*w. Give m(w).
8
Let i(l) = 18*l**2 - 2*l - 10. Let d = -4167 - -4165. What is i(d)?
66
Let o(n) = n**3 - 7*n**2 - 6*n - 4. Let c = -6183 + 6191. Give o(c).
12
Let f(i) = 135*i - 1898. Let p be f(14). Let r(b) be the third derivative of b**4/24 + b**3/3 + 7*b**2. Give r(p).
-6
Let j(w) = 32*w**2 - 14*w + 25. Let u(k) = 19*k**2 - 7*k + 12. Let q(f) = 3*j(f) - 5*u(f). Determine q(7).
15
Suppose 0 = 740*k - 746*k - 48. Let j(z) = 2*z + 2*z - 3*z. Calculate j(k).
-8
Let y be ((-24)/(-15))/(3 - (-306)/(-90)). Let l(r) = 2*r**3 + 5*r**2 - 12*r + 4. What is l(y)?
4
Let x(l) be the first derivative of -19*l**3/3 - l**2/2 + 2*l + 12. What is x(1)?
-18
Let q = 170 - 166. Suppose 0 = u - r - 1, 5*u - r - 3*r = q. Let b(d) = 5*d**2 + d. Let g(a) = 6*a**2 + a. Let t(j) = -5*b(j) + 4*g(j). Determine t(u).
0
Let m(f) be the first derivative of 4*f**3/3 + 3*f**2/2 - 4*f - 1879. What is m(2)?
18
Let v be -1 - (-17 + 2 - -6). Let f(q) = -3*q + 13. Give f(v).
-11
Let x = -2844 - -2843. Let g(w) = 8*w - 1. Determine g(x).
-9
Let s(j) = 91*j - 819. Let r be s(9). Let i(p) = 3*p**2 - p + 56. Calculate i(r).
56
Let o(u) = -15*u**2 + 3*u**3 - 6*u**2 + 15*u**2 - u**3 + 3 - 3*u**3. Calculate o(-5).
-22
Let w(n) = -2*n + 14 - 5*n - 5*n**2 + 15*n + 7*n. Let g(q) = -3*q**2 + 14*q + 13. Let h(d) = -3*g(d) + 2*w(d). Give h(-12).
-11
Let j(l) = -49 - 40*l - 32*l - 39*l + 152*l - 33*l. Give j(9).
23
Let h(k) = -10*k - 134. Suppose 118*b - 125*b - 91 = 0. Let o be h(b). Let c(g) = -2*g**2 - 4*g - 4. Determine c(o).
-20
Let c(n) = 1. Suppose 0 = -3*q - 3*x + 12, 4*q + 3*x + 1 = 14. Let r(m) = 2*m - 11. Let v(w) = q*r(w) + c(w). Give v(9).
8
Suppose 4*y = -4*r + 38 + 250, 0 = 5*r - 4*y - 378. Suppose -r*q = -83*q - 18. Let w(o) = 2*o**3 + 3*o**2 + 3*o + 5. Determine w(q).
-5
Let o(p) = -2*p**3 - 2*p**2 + 3*p + 3. Let x be (15 - 7)/(-4) + 55. Suppose 4*a + x = 45. What is o(a)?
5
Suppose -39*h + 41*h = 6. Let s(r) = 10 - 2*r - 9 + 10*r - 4. Determine s(h).
21
Let a(n) be the first derivative of 67 - 4*n**2 - 6*n + 1/3*n**3. Suppose 0 = -4*m + 23 + 13. What is a(m)?
3
Suppose 20*u - 61 = -141. Let v(h) be the third derivative of 0 + 1/3*h**3 + 0*h + 1/60*h**5 - 2*h**2 + 1/6*h**4. What is v(u)?
2
Let b(z) = 2*z**3 - 36*z**2 - 2*z + 27. Let i be b(18). Let m be i + -6 + (1 - -5). Let s(c) = -c**2 - 11*c - 3. What is s(m)?
15
Let z(s) = -1599164 - 6*s + s**2 + 1599211 - 10*s. What is z(13)?
8
Let j = 26038 - 26055. Let m(a) = 34*a + 574. Calculate m(j).
-4
Let z(d) = -d + 11. Suppose -6*j - u - 408 = -8*j, 5*u - 20 = 0. Let n = 206 - j. Determine z(n).
11
Let v(n) = -5*n - 182. Let t(h) = -3*h - 35. Let j(l) = 11*t(l) - 2*v(l). Calculate j(-5).
94
Let y = -13790 - -13814. Let r(m) = m**3 - 23*m**2 - 21*m + 25. Determine r(y).
97
Let q(g) = -12*g + 36145 + g**2 + 36163 + 36174 - 108521. Determine q(17).
46
Let v = -234 - -159. Suppose 0 = -91*g - 31*g + 9760. Let k = g + v. Let f(r) = -r**3 + 5*r**2 - r + 6. Determine f(k).
1
Let c be -3 + 120/(-12) - -14. Let f(i) = -2*i**2 + 3*i - 2. Determine f(c).
-1
Let h(r) be the second derivative of r**4/12 - r**3/3 + 3*r**2 - 2615*r. Give h(3).
9
Let f(y) = y**2 + 5*y + 4. Suppose 7*m = 2*m - 25, 2*x = m - 5. Let b(v) = v**3 + 5*v**2 + 4*v + 15. Let l be b(x). What is f(l)?
4
Let j = 4229 + -8457/2. Let u(p) be the second derivative of 8*p - 1/2*p**2 + 0 - 1/2*p**4 + j*p**3. Calculate u(2).
-19
Let r(c) be the third derivative of -c**5/60 + c**4/12 + c**3/3 + c**2. Let k be 12/168*21 + (13 - (-297)/(-18)). What is r(k)?
-6
Suppose m - 3*f + 9 = 0, -212 = -f - 208. Suppose -3*b - 9 = -2*q, -5*q + 2*b = -2 - 15. Let h(t) = -t**3 + t + q*t**3 + 2 - t**3 - 3*t**2. What is h(m)?
5
Suppose -f - 11 = -3*x, 4*f + 2*x + 22 = 6. Let i(s) = 20*s**2 + 23*s - 19. Let u(m) = -9*m**2 - 11*m + 9. Let a(o) = -4*i(o) - 9*u(o). Give a(f).
-15
Let m = -21 - -27. Let a be 2/m + (-320)/(-48). Let f(p) = p - 4. Let z be f(a). Let j(w) = -w**3 + 4*w**2 - 3*w + 3. What is j(z)?
3
Suppose 17 = -p + 26. Let t(b) = b**2. Let z(l) = -5*l**2 + 11*l + 7. Let w(v) = 4*t(v) + z(v). What is w(p)?
25
Let a(m) = 772*m - 773*m + 15 + 103. What is a(0)?
118
Suppose 196*c + j - 9 = 192*c, -3*j = -27. Let v(x) = 4*x**2 - 7*x + 20. Give v(c).
20
Suppose -120 - 88 = 33*o - 10. Let x(y) be the second derivative of y**3/3 + 7*y**2/2 + 4*y. Determine x(o).
-5
Let a = 112 - 89. Suppose 0 = 5*v - b + a, -8*v - 18 = -5*v - 2*b. Let f(s) = -s**2 - 2*s + 7. What is f(v)?
-1
Let p(q) = -q**3 - 5*q**2 - 2*q + 5. Let s be -9 - (6 + -5 + -6). Calculate p(s).
-3
Let l be ((-3)/2)/(6/8)*-2. Suppose 2*w = w + 3. Suppose 5*g = 5*j - w + 18, 0 = 2*g - 3*j - l. Let u(k) = -k**3 + 6*k**2 - 8*k + 6. Calculate u(g).
-9
Let a(w) = w**3 + 13*w**2 - 16*w - 23. Let s be a(-14). Let t(m) = m**2 - 6*m - 10. Let y(q) = 2*q**2 - 12*q - 17. Let b(l) = s*t(l) - 3*y(l). Calculate b(6).
1
Let d be (-15)/((-75)/2) - 6808/20. Let t = d + 341. Let u(a) = -27*a**2 + a - 1. Calculate u(t).
-27
Let o = -6 + 4. Let h(u) = -2*u - 439. Let c(d) = 2*d + 702. Let b(f) = 5*c(f) + 8*h(f). Determine b(o).
10
Let y(c) be the third derivative of -c**5/60 + 2*c**4/3 - 5*c**3/3 - 165*c**2 - 1. What is y(9)?
53
Let l be 10/(-40) - (-164)/16. Let m(a) = a**2 - 10*a + 6. Let r be m(l). Let d(y) = 7*y**2 + 4 - 2*y**2 